nits digit of 1390177?
7
What is the tens digit of 555928?
2
What is the hundreds digit of 1697068?
0
What is the ten millions digit of 13340085?
1
What is the millions digit of 1030255?
1
What is the units digit of 50336?
6
What is the hundred thousands digit of 3612128?
6
What is the hundred thousands digit of 19878446?
8
What is the thousands digit of 16074?
6
What is the units digit of 826853?
3
What is the ten thousands digit of 113459?
1
What is the ten thousands digit of 403651?
0
What is the thousands digit of 2509715?
9
What is the ten thousands digit of 1098633?
9
What is the units digit of 2092380?
0
What is the hundreds digit of 17338551?
5
What is the ten thousands digit of 390811?
9
What is the thousands digit of 75003?
5
What is the hundreds digit of 28898?
8
What is the millions digit of 1407218?
1
What is the ten thousands digit of 5405123?
0
What is the hundred thousands digit of 12475516?
4
What is the thousands digit of 61996?
1
What is the millions digit of 1818949?
1
What is the hundreds digit of 3385099?
0
What is the units digit of 229070?
0
What is the tens digit of 8390759?
5
What is the tens digit of 83476?
7
What is the ten thousands digit of 55466?
5
What is the hundred thousands digit of 518105?
5
What is the tens digit of 807746?
4
What is the hundred thousands digit of 217284?
2
What is the hundred thousands digit of 3844171?
8
What is the hundreds digit of 7736103?
1
What is the ten thousands digit of 640097?
4
What is the hundred thousands digit of 168233?
1
What is the ten thousands digit of 6704921?
0
What is the units digit of 7302006?
6
What is the tens digit of 23782264?
6
What is the thousands digit of 1457796?
7
What is the millions digit of 11835118?
1
What is the thousands digit of 978472?
8
What is the hundreds digit of 809378?
3
What is the thousands digit of 6181418?
1
What is the millions digit of 4867420?
4
What is the units digit of 9099161?
1
What is the tens digit of 12639?
3
What is the tens digit of 817356?
5
What is the hundreds digit of 397?
3
What is the tens digit of 15661?
6
What is the units digit of 11031274?
4
What is the ten thousands digit of 24351484?
5
What is the thousands digit of 2989963?
9
What is the units digit of 10647865?
5
What is the tens digit of 1025458?
5
What is the tens digit of 212669?
6
What is the units digit of 8912348?
8
What is the hundred thousands digit of 39827204?
8
What is the hundreds digit of 1698635?
6
What is the ten thousands digit of 30014058?
1
What is the thousands digit of 752145?
2
What is the ten thousands digit of 924803?
2
What is the ten thousands digit of 24894231?
9
What is the ten thousands digit of 797413?
9
What is the hundreds digit of 9032603?
6
What is the hundred thousands digit of 12855457?
8
What is the ten thousands digit of 44435827?
3
What is the hundreds digit of 1030082?
0
What is the units digit of 410415?
5
What is the units digit of 53879?
9
What is the tens digit of 729778?
7
What is the ten thousands digit of 59304?
5
What is the ten thousands digit of 1269496?
6
What is the millions digit of 1568523?
1
What is the hundreds digit of 944143?
1
What is the hundreds digit of 4176385?
3
What is the ten thousands digit of 32625664?
2
What is the ten millions digit of 12136731?
1
What is the hundred thousands digit of 2126887?
1
What is the ten thousands digit of 4124234?
2
What is the tens digit of 222887?
8
What is the units digit of 12172860?
0
What is the tens digit of 4561236?
3
What is the tens digit of 22818919?
1
What is the hundreds digit of 282404?
4
What is the ten millions digit of 15737678?
1
What is the tens digit of 586746?
4
What is the thousands digit of 620577?
0
What is the hundred thousands digit of 618389?
6
What is the hundreds digit of 427702?
7
What is the ten millions digit of 26718052?
2
What is the millions digit of 4574076?
4
What is the ten thousands digit of 77965?
7
What is the ten thousands digit of 934085?
3
What is the tens digit of 898183?
8
What is the ten thousands digit of 75253?
7
What is the hundreds digit of 350171?
1
What is the hundreds digit of 1687630?
6
What is the ten thousands digit of 12011651?
1
What is the ten thousands digit of 824390?
2
What is the thousands digit of 53091?
3
What is the ten thousands digit of 460949?
6
What is the millions digit of 1031752?
1
What is the ten thousands digit of 216278?
1
What is the tens digit of 25950539?
3
What is the hundreds digit of 2798130?
1
What is the thousands digit of 6543188?
3
What is the tens digit of 49555?
5
What is the tens digit of 10688588?
8
What is the thousands digit of 360974?
0
What is the millions digit of 11512734?
1
What is the thousands digit of 635837?
5
What is the units digit of 7697564?
4
What is the ten thousands digit of 519218?
1
What is the tens digit of 160417?
1
What is the units digit of 14350594?
4
What is the ten thousands digit of 368524?
6
What is the tens digit of 10161149?
4
What is the millions digit of 3577012?
3
What is the tens digit of 20284122?
2
What is the hundreds digit of 1159128?
1
What is the hundred thousands digit of 204488?
2
What is the hundred thousands digit of 5340831?
3
What is the tens digit of 624325?
2
What is the tens digit of 2282543?
4
What is the thousands digit of 10586966?
6
What is the units digit of 1304688?
8
What is the millions digit of 1429703?
1
What is the thousands digit of 11619868?
9
What is the ten thousands digit of 56731?
5
What is the units digit of 2246178?
8
What is the hundreds digit of 332408?
4
What is the tens digit of 4906574?
7
What is the units digit of 172042?
2
What is the ten thousands digit of 906801?
0
What is the ten thousands digit of 3662567?
6
What is the ten thousands digit of 6319778?
1
What is the millions digit of 2583371?
2
What is the hundred thousands digit of 8427366?
4
What is the millions digit of 4201455?
4
What is the ten thousands digit of 79863?
7
What is the hundreds digit of 633348?
3
What is the tens digit of 69044?
4
What is the hundreds digit of 3714544?
5
What is the units digit of 117329?
9
What is the tens digit of 2038036?
3
What is the hundred thousands digit of 1932370?
9
What is the tens digit of 732365?
6
What is the hundred thousands digit of 114267?
1
What is the hundred thousands digit of 187818?
1
What is the tens digit of 492754?
5
What is the tens digit of 154335?
3
What is the tens digit of 2190234?
3
What is the units digit of 603429?
9
What is the hundreds digit of 5755097?
0
What is the hundred thousands digit of 496200?
4
What is the tens digit of 2527864?
6
What is the units digit of 7713218?
8
What is the hundred thousands digit of 187647?
1
What is the hundreds digit of 854365?
3
What is the units digit of 4624988?
8
What is the thousands digit of 712385?
2
What is the ten thousands digit of 315364?
1
What is the millions digit of 17250562?
7
What is the units digit of 1552902?
2
What is the thousands digit of 401927?
1
What is the hundred thousands digit of 163001?
1
What is the thousands digit of 237277?
7
What is the hundred thousands digit of 2614180?
6
What is the ten thousands digit of 561634?
6
What is the thousands digit of 4340491?
0
What is the hundreds digit of 15437893?
8
What is the hundreds digit of 6295736?
7
What is the hundreds digit of 968019?
0
What is the hundred thousands digit of 119938?
1
What is the tens digit of 204556?
5
What is the hundred thousands digit of 1052453?
0
What is the units digit of 56604?
4
What is the ten thousands digit of 307108?
0
What is the thousands digit of 1538029?
8
What is the millions digit of 11041898?
1
What is the units digit of 46087?
7
What is the units digit of 4321238?
8
What is the units digit of 31801?
1
What is the hundred thousands digit of 12296392?
2
What is the tens digit of 8221543?
4
What is the thousands digit of 6622860?
2
What is the hundreds digit of 1289531?
5
What is the hundreds digit of 1466815?
8
What is the millions digit of 7711140?
7
What is the hundreds digit of 310014?
0
What is the millions digit of 2440778?
2
What is the thousands digit of 1838129?
8
What is the units digit of 715536?
6
What is the ten thousands digit of 3807203?
0
What is the thousands digit of 14665536?
5
What is the units digit of 504623